 1 + (-5 - (-7 + 0)). Let l be 242 - z - (-4)/3*-3. What is the greatest common factor of 68 and l?
34
Let u(a) = 30*a + 81. Let w be u(-3). Let j be w/2*160/(-10). Let r = -22 + 31. Calculate the highest common factor of j and r.
9
Suppose -77*l = -38*l - 4992. What is the highest common factor of 48 and l?
16
Let v = -8109 - -8271. Suppose -3*n + 5*i - 25 = 0, -3*i - 3 = -2*n - 18. Suppose n = -8*w + 3*w + 90. Calculate the highest common factor of w and v.
18
Let p = 2771 + -1419. What is the highest common divisor of 8 and p?
8
Let p be 3936/9 + 75/(-15) + 42/9. What is the highest common factor of 69 and p?
23
Let t be (144/(-27) - -5)/(-3 - (-321)/108). What is the greatest common divisor of t and 688?
4
Let d(o) = -2*o**2 - 57*o + 4. Let r be d(-10). Suppose -p + 3*x = -85, -2*p - 2*x = 3*p - r. Let j = 64 - -50. Calculate the greatest common factor of p and j.
38
Let g be (39 - 36)/(2/62) + 5. Let p(r) = 50*r + 1. Let j be p(1). Let i = g - j. What is the highest common factor of i and 235?
47
Let g(a) = -29*a**3 - 81*a**2 + 5*a - 14. Let d be g(-5). What is the highest common divisor of 7 and d?
7
Suppose -234*t + 255*t - 32718 = 0. Calculate the highest common factor of t and 164.
82
Let f be 21 + (-7)/7 + 6. Calculate the highest common divisor of 1742 and f.
26
Suppose -3*f = 2*n + 55, -3*f - 3*n - 2*n = 61. Let a(k) = -k**3 - 18*k**2 - 20*k - 24. Let s be a(f). Calculate the greatest common factor of s and 9.
9
Let d(b) = -354*b**3 - b - 5*b**2 + 351*b**3 + 1 + 0. Let c be d(-6). Suppose 5*m = 5*v + c, -m + 76 = 2*v - 4. What is the greatest common divisor of 18 and m?
18
Suppose 612 = -6*k + 9*k. Suppose m - j = 116, -14038*m - 548 = -14043*m + j. Calculate the highest common factor of m and k.
12
Let m(y) = -532*y - 5984. Let v be m(-24). What is the highest common factor of 64 and v?
64
Suppose -2*p = 4*r - 566 - 230, -4*r + 782 = -5*p. What is the greatest common factor of 1122 and r?
66
Let s = 605 - 458. Let m(z) be the first derivative of 2*z**3/3 - 5*z**2/2 + 17*z + 8. Let a be m(5). Calculate the greatest common divisor of a and s.
21
Let i(q) = 2*q**2 + 1205*q + 4826. Let n be i(-4). What is the highest common factor of 589 and n?
19
Suppose -18*x = 32*x - 680 - 2320. What is the greatest common divisor of x and 375?
15
Let v = -13 - -20. Suppose -v*f = -2*f - 25. Let k be (-35)/f + 4 + 29. Calculate the greatest common factor of k and 156.
26
Suppose -4975 = -81*u + 32690. Calculate the highest common divisor of 135 and u.
15
Let y be (-18)/8*32/(-3). Suppose -26*d = -y*d - 6. What is the highest common divisor of d and 3?
3
Suppose -35 - 13 = -4*x. Let b(v) = 32*v - 169. Let g be b(14). Suppose g*c - 300 = 274*c. What is the highest common factor of x and c?
12
Let h be 10 + -5 - 1 - 71. Let c = h + 145. Let u be 13/c + (-233)/(-6). What is the highest common divisor of 3 and u?
3
Suppose -2*a + 19 = 7. Let z be 146/10 - a*(-1)/(-10). What is the highest common divisor of 49 and z?
7
Let k be (12/3)/(3 - 6/((-180)/(-82))). What is the highest common factor of 45 and k?
15
Suppose 0 = -2*t - 2*y + 220, 64 = 4*t + y - 397. Suppose 0*a + 4*a = 288. What is the greatest common factor of a and t?
9
Suppose -3*g = -5*q + 365 + 432, -2*g - 950 = -6*q. What is the greatest common factor of 2 and q?
1
Let o = 13103 + -13082. Let a(t) = 9*t**2 - 7*t - 9. Let y be a(-6). Calculate the greatest common divisor of y and o.
21
Let m(o) = o**3 + 4*o**2 - 18*o - 5. Let l be m(-7). Let v(n) = -n**3 - 27*n**2 - 30*n - 62. Let x be v(l). Calculate the highest common divisor of 105 and x.
21
Suppose 108 = 3*n - 0*n. Let i be (1578/1315)/(66/(-180) - (-1)/2). Calculate the greatest common factor of n and i.
9
Let u(q) = -18*q + 117. Let a be u(6). Suppose -91 = -4*c - a*c. Calculate the highest common factor of c and 133.
7
Suppose 0 = -3*u - 4*g + 998 + 1003, -5*g = -3*u + 1974. Let b = -194 + u. Calculate the highest common divisor of 67 and b.
67
Let a(t) = 19*t**2 - 154*t + 456. Let i be a(3). What is the highest common divisor of i and 10461?
33
Suppose 0 = -4*j + 4*g - 952, 0 = -17*j + 16*j - 2*g - 250. Let x = 22 - j. Calculate the greatest common divisor of 33 and x.
33
Suppose -243*l + 233 = -10*l. Suppose 2*u = -3*u. Suppose -j - 5*r = -7, u = -5*j + j + 4*r + 28. Calculate the greatest common divisor of j and l.
1
Let v(u) = 5*u**2 + 109*u + 324. Let y be v(-21). What is the greatest common factor of 1728 and y?
48
Let o = -641 - -641. Suppose 19*r + 10*r - 4640 = o. What is the highest common factor of r and 10?
10
Let g = -66 + 81. Let h = -178 - -405. Suppose -d = -4*n + 182, 5*n + 4*d - 5*d - h = 0. What is the highest common divisor of n and g?
15
Let t be 0 + 1 - (0 - 3). Let o = 93680 + -93670. What is the highest common divisor of o and t?
2
Let m(x) = 532*x + 4. Let w be m(6). Let u = w - 2042. Suppose -2*o - u = -6*o - 2*j, 0 = 3*o - 5*j - 859. What is the highest common divisor of 36 and o?
36
Suppose -18*v - 18*v - 858 + 6006 = 0. Suppose -4*y + 4*j + j = -176, -2*y + 5*j + 98 = 0. What is the highest common factor of v and y?
13
Let p be 604 - (168/12 - 4). What is the highest common divisor of p and 36?
18
Let b(o) be the third derivative of -19*o**2 - 4*o**3 + 0 + 0*o - 7/8*o**4. Let u be b(-3). Calculate the greatest common divisor of u and 65.
13
Let l(j) = -j**3 + 8*j**2 + 39*j - 267. Let p be l(9). What is the highest common divisor of 7272 and p?
3
Let u(a) = -a**3 - a**2 - 5*a - 15. Let s be u(-3). Let q be s - ((-4)/(-26) + 370/130). Calculate the highest common divisor of 270 and q.
15
Suppose -2*q - 825 = 2*q - 5*u, -5*u = 4*q + 815. Let b be q*((-6)/(-20))/(8/(-16)). What is the greatest common divisor of b and 41?
41
Suppose 4*v - 5*k = 78, -2*k + 202 = 12*v - 202. Let r = -1503 + 2347. Suppose 3*j - 5*g - r = -0*g, 2*g = 8. Calculate the greatest common factor of v and j.
32
Let r = 10773 + -10698. Calculate the greatest common divisor of 6 and r.
3
Suppose -154*j - 5*y - 300 = -159*j, -42 = -j - 2*y. What is the greatest common divisor of j and 3582?
18
Let h be (-26)/(-4)*2 - -2. Suppose 7*l - 4*l - 25 = 2*w, -5*w + 30 = 11*l. Calculate the highest common divisor of h and l.
5
Let u = -104 + 105. Let i be (u/(-6) - (-9)/18)*3. What is the highest common divisor of 16 and i?
1
Let k(s) = 83*s**2 + 32*s - 67. Let d be k(-7). What is the greatest common factor of 64 and d?
64
Let d = -79 + 87. Let l(u) = u**2 + 5*u - 8. Let z be l(-7). Let t be (-80)/z*(-6 - -3). What is the highest common divisor of t and d?
8
Let i be (-14)/(-12) + 4/(-24). Let x be i/4 - (8985/12)/(-5). Suppose x = 2*w + 3*w. What is the highest common factor of w and 60?
30
Let q(u) = 2*u**2 - 19*u + 13. Let s be q(9). Let m be (-1 - -1)/s - -1. Suppose 2*c + 3*c + 3 = -2*r, c = -m. Calculate the highest common factor of r and 1.
1
Suppose 42 = 6*t + 30. Let b be ((-280)/42)/(t/(-3)). Suppose 24 + 6 = b*q. What is the highest common divisor of 9 and q?
3
Suppose -2*g = 3*h + 2*h + 736, -3*g - 1090 = 4*h. Let t = g + 508. What is the greatest common factor of t and 125?
25
Let m(f) = -6*f - 122. Let z be m(-21). Suppose -5*t - 3*g = -344, 4*g = -z*t - g + 270. What is the highest common divisor of 80 and t?
10
Suppose 2*m + 196 = 5*c, 3*m + 105 - 210 = -3*c. What is the greatest common factor of 1045 and c?
19
Suppose -m = -3*n - 47, n = -469*m + 472*m - 45. Suppose 4*d - 14 = 3*a, a + 3*a + 10 = d. Calculate the highest common factor of m and d.
1
Let b = -305 - -288. Let z = 28 + b. Calculate the highest common factor of 209 and z.
11
Let q(d) = -d - 6. Let x be q(-14). Suppose -x = 4*j - 28. Suppose -4*f = -j*f + 46. What is the greatest common divisor of f and 506?
46
Let v(g) = 2*g**3 + 74*g**2 - g + 1090. Let t be v(-33). What is the highest common factor of t and 35?
35
Let u = -142 - -202. Let n(m) = -5634*m + 67768. Let j be n(12). What is the highest common factor of u and j?
20
Let v(b) = 867*b + 13. Let l be v(1). Suppose 15*k = 7*k + l. Calculate the greatest common divisor of 30 and k.
10
Let x be 14/((-588)/18)*7 + 4832. What is the highest common divisor of 11 and x?
11
Let q(g) = 28 + 13*g + 15 + 16 - 13 - g**2. Let z be q(15). Let y be 84/(2 - 5)*-4. Calculate the highest common factor of y and z.
16
Let r be (2